 = 6*m + 85. Calculate the remainder when -3 - (-3 + m) - 0 is divided by 11.
6
Suppose -193 = -4*k - 25. Calculate the remainder when k is divided by 11.
9
Let a(y) = 4*y - 2. Let p be a(1). Suppose 14 = p*r + 4*x, 4*r + 2*x - 55 = -21. Calculate the remainder when r is divided by 6.
3
Suppose 64 = 3*n + n. Let m(k) = -5*k**2 + 3*k**3 + 1 + 6*k + 0*k**3 - 2*k**3. Calculate the remainder when m(5) is divided by n.
15
Suppose c = -3, 0*i - 5*i + 41 = -2*c. Let r = 12 + i. What is the remainder when 74 is divided by r?
17
Suppose 0 = 5*i, q = -q + 5*i + 62. Suppose 0 = k - 4 - 5. Suppose 2*g + 6*z - 19 = 3*z, -g - z = -k. What is the remainder when q is divided by g?
7
Suppose 255 = -0*y + 5*y. Suppose -5*h - 3*t - 2*t = -50, -3*t = 9. What is the remainder when y is divided by h?
12
Suppose -4*d + 4 = 0, -89 = 3*k - 2*d + 3*d. Let c = k - -51. Suppose 33 = 3*y - 0*y. What is the remainder when c is divided by y?
10
Let z = -78 + 156. Calculate the remainder when z is divided by 20.
18
Let o(l) = -13*l. Let u be 8/14 + (-66)/42. Calculate the remainder when o(u) is divided by 6.
1
Let x(y) = 3*y**2 + 2*y. Let p(g) be the first derivative of g**4/4 - 7*g**3/3 + 7*g**2/2 + 3*g - 1. What is the remainder when x(2) is divided by p(6)?
7
Suppose 192 = 5*j - z - 274, 0 = j - 5*z - 98. Suppose 0 = -5*t + j + 17. Calculate the remainder when 42 is divided by t.
20
Suppose 63 = 5*x - 2*x. Calculate the remainder when 40 is divided by x.
19
Suppose g - 2 = -0*g. Suppose -g*p - 3472 = 2*p. Calculate the remainder when 4/(-10) + p/(-20) is divided by 22.
21
Suppose -p - 6 = -39. Calculate the remainder when p is divided by 5.
3
Let a = -2 - 2. Let k be (-3)/(3/a*-2). Calculate the remainder when -18*3/6*k is divided by 10.
8
Let l(t) = -t - 1. Let b be l(-4). Let c = -7 + b. Let h(i) = -i + 4. Calculate the remainder when 15 is divided by h(c).
7
Suppose 240 = -x + 3*x. Let z = 4 + -1. Suppose x = 2*j + z*j. Calculate the remainder when j is divided by 13.
11
Suppose -q - d + 110 = 0, -7*q + 3*q = d - 440. What is the remainder when q is divided by 40?
30
Let q = 91 - 53. Let v = 302 - 292. Calculate the remainder when q is divided by v.
8
Let k(t) = -1. Let q(x) = -3*x. Let g(d) = 6*k(d) + q(d). What is the remainder when 11 is divided by g(-4)?
5
Suppose 3*j + 2*j = -5*u + 40, 0 = 5*j + 3*u - 44. Suppose 3*m + 5 = -4. What is the remainder when j is divided by m/(-12) + 30/8?
2
Let o = -5 - -10. Let u(b) = -b**2 + 8*b + 3. Let x be u(8). Suppose 0*h = -4*h + 4*v + 40, 0 = -x*v + 12. Calculate the remainder when h is divided by o.
4
Let m(o) = -4. Let z(r) = -r + 1. Let k(x) = m(x) + 2*z(x). Let t be k(-4). Suppose t*g - 4 = 2*g. Calculate the remainder when 1 is divided by g.
0
Let f = -11 + 8. Let b = f + 6. Calculate the remainder when b is divided by 2.
1
Suppose 5*m + 65 = 4*q, 2*q - 5*m - 61 + 16 = 0. Let c = 19 - q. Let t = 6 + -1. What is the remainder when c is divided by t?
4
Suppose g - 3*v = -6*v - 14, 2 = -5*g + 2*v. Calculate the remainder when 45 is divided by (g + 5)/((-2)/(-8)).
9
Suppose 4*b = -h + 61, 0*b + b + 193 = 4*h. What is the remainder when h is divided by 26?
23
Suppose -3*b + 5*a + 305 = -b, 0 = 3*b - 3*a - 453. Calculate the remainder when b is divided by 51.
48
Calculate the remainder when ((-27)/(-12))/((-1)/((-24)/9)) is divided by 2.
0
Suppose 0 = -5*m + 5*i + 20, -5 - 3 = 4*i. Suppose -5*h = -m*h - 33. Calculate the remainder when h is divided by (1/((-10)/12))/((-24)/80).
3
Suppose -2*x - 42 = -4*b, 0 = 5*x + 4*b + 9 + 40. Let l = x - -9. Let g = l - -20. Calculate the remainder when g is divided by 9.
7
Let b(r) be the second derivative of r**3/6 - 2*r**2 - 4*r. Let t be b(5). Let z = t + 5. Calculate the remainder when 10 is divided by z.
4
Suppose 0 = 2*g - 4*t - 16, -2*t + 3 = -5. Calculate the remainder when 61 is divided by g.
13
Let j(u) = u - 1. Let a be j(5). Calculate the remainder when (-5 + a)/(2/(-110)) is divided by 19.
17
Calculate the remainder when (-2)/(-6)*9 - (-65 - -1) is divided by 17.
16
Suppose 4*c + 2 = 3*g - 13, -3*g + 15 = 3*c. Suppose 4*m = 2*p - p - 21, -g*p - 3*m = 10. Suppose 1 = 4*b - 7. Calculate the remainder when b is divided by p.
0
Let l = 241 - 58. Suppose 4*b - k = k - 30, -5*k = 2*b + 33. Calculate the remainder when 4/6 - l/b is divided by 12.
9
Let u be ((-27)/3)/(-3) + -3. Suppose u = -l - 5*g + 29, -4*l + 4*g + 0*g + 44 = 0. Calculate the remainder when l is divided by 8.
6
Let n(k) = 5*k - 12. Let w(o) = 11*o - 23. Let d(g) = -g + 11. Let p be d(6). Let i(r) = p*n(r) - 2*w(r). Calculate the remainder when i(10) is divided by 6.
4
Let x(o) = 2*o + 25 - 2*o - o. Calculate the remainder when x(0) is divided by 7.
4
Suppose 0 = -4*j + w + 10, -j = -w - 2*w + 3. Suppose -3*f + 0*s + s = -2, -j*f = s - 4. Calculate the remainder when 1 is divided by f.
0
Let c(f) = -19*f**2. Let r be c(-1). Let h = -18 + 49. Calculate the remainder when h is divided by 0 - (r - -1) - 2.
15
Let u(k) = k**2 + 7*k + 9. Let s be u(-6). Suppose 5*l - 16 = -2*o + l, -s*l = 2*o - 13. Let i = 10 - o. Calculate the remainder when 15 is divided by i.
7
Let t(c) = -c**3 + 19*c**2 + 17*c + 62. What is the remainder when 11 is divided by t(20)?
1
Let x(d) = -d**3 - d**2 + 2*d + 7. Suppose -21 = -2*s + 5*a, 7 - 56 = -4*s + 3*a. Calculate the remainder when s is divided by x(0).
6
Suppose -5*z - 4*j + 90 = -9*j, 0 = 2*j + 8. What is the remainder when z is divided by 5?
4
What is the remainder when 33 - (2 + -2)/4 is divided by 10?
3
Let k = 853 - 532. What is the remainder when k is divided by 54?
51
Suppose c - 15 = 1. Let h(b) = 3*b + b**2 + 1 - 4 + 5 + 0. What is the remainder when c is divided by h(-4)?
4
Suppose -8*c = -3*c + 2*h - 71, -h - 62 = -4*c. Let w = c + 22. Calculate the remainder when w is divided by 10.
7
Let c = -2 + -3. Let l(j) = j**2 - 3*j - 3. Let p be l(c). Suppose -2*y + p + 1 = 0. What is the remainder when y is divided by 10?
9
Calculate the remainder when 43 is divided by 2/12*-2*-33.
10
Let o = 127 - 114. Calculate the remainder when o is divided by 6.
1
Let b(o) = 3*o**2 + 4*o + 1. Let f = 28 + 11. Let h = -8 + f. Calculate the remainder when h is divided by b(-3).
15
Suppose 4*b = -5*i + 100, b = -4*i + 2*b + 80. Calculate the remainder when i is divided by 8.
4
Let u = 9 - 12. What is the remainder when 45 is divided by (7 - -2) + u/(-1)?
9
Let o = 31 + 13. What is the remainder when o is divided by (0 - 4)/(-1) + 11?
14
Let n = -9 + 15. Let y be (n/(-3))/2 + 6. What is the remainder when ((-6)/y)/(12/(-390)) is divided by 14?
11
Suppose 7 - 1 = 3*u. Suppose u*v - d + 2 = -3*d, 0 = 4*v - 3*d - 10. Let p(z) = z**3 - 3*z**2 - 4*z + 1. Calculate the remainder when p(4) is divided by v.
0
Suppose 4*u - 8*u = -192. What is the remainder when 1 + 0 + u - 2 is divided by 24?
23
Suppose -2*n + 5*o = 5, -4 = 4*o - 16. Let s(c) = -c**3 + 7*c**2 - 3*c + 7. What is the remainder when s(n) is divided by 11?
9
Suppose 2*f - 45 - 37 = 0. What is the remainder when f is divided by 7?
6
Let z(p) = 2*p - 2. Let i be z(2). Suppose -s = -i*s - 4*u + 17, 4*s - 104 = 2*u. What is the remainder when s is divided by 7?
4
Suppose 2*z - z + 9 = 0. Let l be (-1 + 0)*(-10 - z). Calculate the remainder when 17 is divided by 0 + 1 - l - -9.
8
Let i(x) = -x**2 - 4*x - 3. Let v be i(-2). Calculate the remainder when (-1 - -1)/v - -36 is divided by 19.
17
Suppose 0 = -m + 5*p, -3*m + 7*m + 3*p - 69 = 0. Let y = 28 - m. Calculate the remainder when 50 is divided by y.
11
Suppose 0 = 3*q + 4 + 5, 0 = 3*u - 5*q - 258. What is the remainder when u is divided by 21?
18
Suppose 56 - 8 = 3*k. Let h = 23 + 23. Calculate the remainder when h is divided by k.
14
Suppose 3*n + 4*y = 109, 2*n - y = -2*y + 76. Calculate the remainder when 149 is divided by n.
32
Let x be (-3)/(2 + 7/(-2)). Suppose 4*w = x*i + i - 34, 0 = -w - 1. Calculate the remainder when 9 - -9 - (2 + -2) is divided by i.
8
Suppose 0 = -4*z - 0*z + 16, 0 = -5*u + z - 44. Let t = 11 + u. Suppose 45 = 3*x + y, 3*x = -t*y - y + 36. What is the remainder when 46 is divided by x?
14
Let i(d) = -d**2 + 8*d - 9. Let u be i(6). Suppose -g + u = -6. What is the remainder when (-5)/(-2*(-3)/(-30)) is divided by g?
7
What is the remainder when 2/(-7) + 201*4/21 is